{"id":526,"date":"2023-07-25T14:57:26","date_gmt":"2023-07-25T14:57:26","guid":{"rendered":"https:\/\/hochulisolution.ch\/?page_id=526"},"modified":"2025-08-19T22:03:18","modified_gmt":"2025-08-19T20:03:18","slug":"datenschutzerklaerung","status":"publish","type":"page","link":"https:\/\/hochulisolution.ch\/index.php\/datenschutzerklaerung\/","title":{"rendered":"Datenschutzerkl\u00e4rung"},"content":{"rendered":"\t\t<div data-elementor-type=\"wp-page\" data-elementor-id=\"526\" class=\"elementor elementor-526\" data-elementor-post-type=\"page\">\n\t\t\t\t<div class=\"elementor-element elementor-element-0291d40 e-grid e-con-full e-con e-parent\" data-id=\"0291d40\" data-element_type=\"container\" data-e-type=\"container\">\n\t\t\t\t<div class=\"elementor-element elementor-element-e7ab500 elementor-widget elementor-widget-text-editor\" data-id=\"e7ab500\" data-element_type=\"widget\" data-e-type=\"widget\" data-widget_type=\"text-editor.default\">\n\t\t\t\t<div class=\"elementor-widget-container\">\n\t\t\t\t\t\t\t\t\t<p>Sie m\u00f6chten Ihre Cookie Einwilligung \u00fcberarbeiten? Das k\u00f6nnen Sie direkt im Privacy Center.<\/p>\t\t\t\t\t\t\t\t<\/div>\n\t\t\t\t<\/div>\n\t\t\t\t<div class=\"elementor-element elementor-element-fd4e17d elementor-widget elementor-widget-shortcode\" data-id=\"fd4e17d\" data-element_type=\"widget\" data-e-type=\"widget\" data-widget_type=\"shortcode.default\">\n\t\t\t\t<div class=\"elementor-widget-container\">\n\t\t\t\t\t\t\t<div class=\"elementor-shortcode\"><a href=\"#\" class=\"privacybee-display-preferences\">Privacy Center<\/a><\/div>\n\t\t\t\t\t\t<\/div>\n\t\t\t\t<\/div>\n\t\t\t\t<div class=\"elementor-element elementor-element-c0be433 elementor-widget elementor-widget-button\" data-id=\"c0be433\" data-element_type=\"widget\" data-e-type=\"widget\" data-widget_type=\"button.default\">\n\t\t\t\t<div class=\"elementor-widget-container\">\n\t\t\t\t\t\t\t\t\t<div class=\"elementor-button-wrapper\">\n\t\t\t\t\t<a class=\"elementor-button elementor-button-link elementor-size-sm\" href=\"http:\/\/class=privacybee-display-preferences\" id=\"&lt;a href=&quot;#&quot; class=&quot;privacybee-display-preferences&quot;&gt;Privacy Center&lt;\/a&gt;\">\n\t\t\t\t\t\t<span class=\"elementor-button-content-wrapper\">\n\t\t\t\t\t\t\t\t\t<span class=\"elementor-button-text\">Privacy Center<\/span>\n\t\t\t\t\t<\/span>\n\t\t\t\t\t<\/a>\n\t\t\t\t<\/div>\n\t\t\t\t\t\t\t\t<\/div>\n\t\t\t\t<\/div>\n\t\t\t\t<\/div>\n\t\t<div class=\"elementor-element elementor-element-a71742b e-flex e-con-boxed e-con e-parent\" data-id=\"a71742b\" data-element_type=\"container\" data-e-type=\"container\">\n\t\t\t\t\t<div class=\"e-con-inner\">\n\t\t\t\t\t<\/div>\n\t\t\t\t<\/div>\n\t\t\t\t<section class=\"elementor-section elementor-top-section elementor-element elementor-element-9cc2fbb elementor-section-boxed elementor-section-height-default elementor-section-height-default\" data-id=\"9cc2fbb\" data-element_type=\"section\" data-e-type=\"section\">\n\t\t\t\t\t\t<div class=\"elementor-container elementor-column-gap-default\">\n\t\t\t\t\t<div class=\"elementor-column elementor-col-100 elementor-top-column elementor-element elementor-element-28f7fc4\" data-id=\"28f7fc4\" data-element_type=\"column\" data-e-type=\"column\">\n\t\t\t<div class=\"elementor-widget-wrap elementor-element-populated\">\n\t\t\t\t\t\t<div class=\"elementor-element elementor-element-1765237 elementor-widget elementor-widget-html\" data-id=\"1765237\" data-element_type=\"widget\" data-e-type=\"widget\" data-widget_type=\"html.default\">\n\t\t\t\t<div class=\"elementor-widget-container\">\n\t\t\t\t\t<script src=\"https:\/\/www.privacybee.ch\/widget.js\"><\/script>\r\n<privacybee-widget website-id=\"clkif510a919120rvt80non95\" lang=\"de\"><\/privacybee-widget>\t\t\t\t<\/div>\n\t\t\t\t<\/div>\n\t\t\t\t\t<\/div>\n\t\t<\/div>\n\t\t\t\t\t<\/div>\n\t\t<\/section>\n\t\t\t\t<\/div>\n\t\t","protected":false},"excerpt":{"rendered":"<p>Sie m\u00f6chten Ihre Cookie Einwilligung \u00fcberarbeiten? Das k\u00f6nnen Sie direkt im Privacy Center. Privacy Center Privacy Center<\/p>\n","protected":false},"author":1,"featured_media":0,"parent":0,"menu_order":0,"comment_status":"closed","ping_status":"closed","template":"","meta":{"footnotes":""},"class_list":["post-526","page","type-page","status-publish","hentry"],"yoast_head":"<!-- This site is optimized with the Yoast SEO Premium plugin v27.2 (Yoast SEO v27.4) - https:\/\/yoast.com\/product\/yoast-seo-premium-wordpress\/ -->\n<title>Datenschutzerkl\u00e4rung - Hochuli Solution GmbH<\/title>\n<meta name=\"robots\" content=\"index, follow, max-snippet:-1, max-image-preview:large, max-video-preview:-1\" \/>\n<link rel=\"canonical\" href=\"https:\/\/hochulisolution.ch\/index.php\/datenschutzerklaerung\/\" \/>\n<meta property=\"og:locale\" content=\"de_DE\" \/>\n<meta property=\"og:type\" content=\"article\" \/>\n<meta property=\"og:title\" content=\"Datenschutzerkl\u00e4rung\" \/>\n<meta property=\"og:description\" content=\"Sie m\u00f6chten Ihre Cookie Einwilligung \u00fcberarbeiten? Das k\u00f6nnen Sie direkt im Privacy Center. Privacy Center Privacy Center\" \/>\n<meta property=\"og:url\" content=\"https:\/\/hochulisolution.ch\/index.php\/datenschutzerklaerung\/\" \/>\n<meta property=\"og:site_name\" content=\"Hochuli Solution GmbH\" \/>\n<meta property=\"article:modified_time\" content=\"2025-08-19T20:03:18+00:00\" \/>\n<meta name=\"twitter:card\" content=\"summary_large_image\" \/>\n<meta name=\"twitter:label1\" content=\"Gesch\u00e4tzte Lesezeit\" \/>\n\t<meta name=\"twitter:data1\" content=\"26\u00a0Minuten\" \/>\n<script type=\"application\/ld+json\" class=\"yoast-schema-graph\">{\"@context\":\"https:\\\/\\\/schema.org\",\"@graph\":[{\"@type\":\"WebPage\",\"@id\":\"https:\\\/\\\/hochulisolution.ch\\\/index.php\\\/datenschutzerklaerung\\\/\",\"url\":\"https:\\\/\\\/hochulisolution.ch\\\/index.php\\\/datenschutzerklaerung\\\/\",\"name\":\"Datenschutzerkl\u00e4rung - Hochuli Solution GmbH\",\"isPartOf\":{\"@id\":\"https:\\\/\\\/hochulisolution.ch\\\/#website\"},\"datePublished\":\"2023-07-25T14:57:26+00:00\",\"dateModified\":\"2025-08-19T20:03:18+00:00\",\"breadcrumb\":{\"@id\":\"https:\\\/\\\/hochulisolution.ch\\\/index.php\\\/datenschutzerklaerung\\\/#breadcrumb\"},\"inLanguage\":\"de\",\"potentialAction\":[{\"@type\":\"ReadAction\",\"target\":[\"https:\\\/\\\/hochulisolution.ch\\\/index.php\\\/datenschutzerklaerung\\\/\"]}]},{\"@type\":\"BreadcrumbList\",\"@id\":\"https:\\\/\\\/hochulisolution.ch\\\/index.php\\\/datenschutzerklaerung\\\/#breadcrumb\",\"itemListElement\":[{\"@type\":\"ListItem\",\"position\":1,\"name\":\"Startseite\",\"item\":\"https:\\\/\\\/hochulisolution.ch\\\/\"},{\"@type\":\"ListItem\",\"position\":2,\"name\":\"Datenschutzerkl\u00e4rung\"}]},{\"@type\":\"WebSite\",\"@id\":\"https:\\\/\\\/hochulisolution.ch\\\/#website\",\"url\":\"https:\\\/\\\/hochulisolution.ch\\\/\",\"name\":\"Hochuli Solution GmbH\",\"description\":\"\u00a9 by hochulisolution.ch\",\"publisher\":{\"@id\":\"https:\\\/\\\/hochulisolution.ch\\\/#organization\"},\"potentialAction\":[{\"@type\":\"SearchAction\",\"target\":{\"@type\":\"EntryPoint\",\"urlTemplate\":\"https:\\\/\\\/hochulisolution.ch\\\/?s={search_term_string}\"},\"query-input\":{\"@type\":\"PropertyValueSpecification\",\"valueRequired\":true,\"valueName\":\"search_term_string\"}}],\"inLanguage\":\"de\"},{\"@type\":\"Organization\",\"@id\":\"https:\\\/\\\/hochulisolution.ch\\\/#organization\",\"name\":\"Hochuli Solution GmbH\",\"url\":\"https:\\\/\\\/hochulisolution.ch\\\/\",\"logo\":{\"@type\":\"ImageObject\",\"inLanguage\":\"de\",\"@id\":\"https:\\\/\\\/hochulisolution.ch\\\/#\\\/schema\\\/logo\\\/image\\\/\",\"url\":\"https:\\\/\\\/hochulisolution.ch\\\/wp-content\\\/uploads\\\/2021\\\/10\\\/cropped-LOGO-mit-Schrift.png\",\"contentUrl\":\"https:\\\/\\\/hochulisolution.ch\\\/wp-content\\\/uploads\\\/2021\\\/10\\\/cropped-LOGO-mit-Schrift.png\",\"width\":1124,\"height\":593,\"caption\":\"Hochuli Solution GmbH\"},\"image\":{\"@id\":\"https:\\\/\\\/hochulisolution.ch\\\/#\\\/schema\\\/logo\\\/image\\\/\"}}]}<\/script>\n<!-- \/ Yoast SEO Premium plugin. -->","yoast_head_json":{"title":"Datenschutzerkl\u00e4rung - Hochuli Solution GmbH","robots":{"index":"index","follow":"follow","max-snippet":"max-snippet:-1","max-image-preview":"max-image-preview:large","max-video-preview":"max-video-preview:-1"},"canonical":"https:\/\/hochulisolution.ch\/index.php\/datenschutzerklaerung\/","og_locale":"de_DE","og_type":"article","og_title":"Datenschutzerkl\u00e4rung","og_description":"Sie m\u00f6chten Ihre Cookie Einwilligung \u00fcberarbeiten? Das k\u00f6nnen Sie direkt im Privacy Center. Privacy Center Privacy Center","og_url":"https:\/\/hochulisolution.ch\/index.php\/datenschutzerklaerung\/","og_site_name":"Hochuli Solution GmbH","article_modified_time":"2025-08-19T20:03:18+00:00","twitter_card":"summary_large_image","twitter_misc":{"Gesch\u00e4tzte Lesezeit":"26\u00a0Minuten"},"schema":{"@context":"https:\/\/schema.org","@graph":[{"@type":"WebPage","@id":"https:\/\/hochulisolution.ch\/index.php\/datenschutzerklaerung\/","url":"https:\/\/hochulisolution.ch\/index.php\/datenschutzerklaerung\/","name":"Datenschutzerkl\u00e4rung - Hochuli Solution GmbH","isPartOf":{"@id":"https:\/\/hochulisolution.ch\/#website"},"datePublished":"2023-07-25T14:57:26+00:00","dateModified":"2025-08-19T20:03:18+00:00","breadcrumb":{"@id":"https:\/\/hochulisolution.ch\/index.php\/datenschutzerklaerung\/#breadcrumb"},"inLanguage":"de","potentialAction":[{"@type":"ReadAction","target":["https:\/\/hochulisolution.ch\/index.php\/datenschutzerklaerung\/"]}]},{"@type":"BreadcrumbList","@id":"https:\/\/hochulisolution.ch\/index.php\/datenschutzerklaerung\/#breadcrumb","itemListElement":[{"@type":"ListItem","position":1,"name":"Startseite","item":"https:\/\/hochulisolution.ch\/"},{"@type":"ListItem","position":2,"name":"Datenschutzerkl\u00e4rung"}]},{"@type":"WebSite","@id":"https:\/\/hochulisolution.ch\/#website","url":"https:\/\/hochulisolution.ch\/","name":"Hochuli Solution GmbH","description":"\u00a9 by hochulisolution.ch","publisher":{"@id":"https:\/\/hochulisolution.ch\/#organization"},"potentialAction":[{"@type":"SearchAction","target":{"@type":"EntryPoint","urlTemplate":"https:\/\/hochulisolution.ch\/?s={search_term_string}"},"query-input":{"@type":"PropertyValueSpecification","valueRequired":true,"valueName":"search_term_string"}}],"inLanguage":"de"},{"@type":"Organization","@id":"https:\/\/hochulisolution.ch\/#organization","name":"Hochuli Solution GmbH","url":"https:\/\/hochulisolution.ch\/","logo":{"@type":"ImageObject","inLanguage":"de","@id":"https:\/\/hochulisolution.ch\/#\/schema\/logo\/image\/","url":"https:\/\/hochulisolution.ch\/wp-content\/uploads\/2021\/10\/cropped-LOGO-mit-Schrift.png","contentUrl":"https:\/\/hochulisolution.ch\/wp-content\/uploads\/2021\/10\/cropped-LOGO-mit-Schrift.png","width":1124,"height":593,"caption":"Hochuli Solution GmbH"},"image":{"@id":"https:\/\/hochulisolution.ch\/#\/schema\/logo\/image\/"}}]}},"jetpack_sharing_enabled":true,"_links":{"self":[{"href":"https:\/\/hochulisolution.ch\/index.php\/wp-json\/wp\/v2\/pages\/526","targetHints":{"allow":["GET"]}}],"collection":[{"href":"https:\/\/hochulisolution.ch\/index.php\/wp-json\/wp\/v2\/pages"}],"about":[{"href":"https:\/\/hochulisolution.ch\/index.php\/wp-json\/wp\/v2\/types\/page"}],"author":[{"embeddable":true,"href":"https:\/\/hochulisolution.ch\/index.php\/wp-json\/wp\/v2\/users\/1"}],"replies":[{"embeddable":true,"href":"https:\/\/hochulisolution.ch\/index.php\/wp-json\/wp\/v2\/comments?post=526"}],"version-history":[{"count":13,"href":"https:\/\/hochulisolution.ch\/index.php\/wp-json\/wp\/v2\/pages\/526\/revisions"}],"predecessor-version":[{"id":930,"href":"https:\/\/hochulisolution.ch\/index.php\/wp-json\/wp\/v2\/pages\/526\/revisions\/930"}],"wp:attachment":[{"href":"https:\/\/hochulisolution.ch\/index.php\/wp-json\/wp\/v2\/media?parent=526"}],"curies":[{"name":"wp","href":"https:\/\/api.w.org\/{rel}","templated":true}]}}