{"id":247,"date":"2023-01-31T13:19:54","date_gmt":"2023-01-31T13:19:54","guid":{"rendered":"https:\/\/hochulisolution.ch\/?page_id=247"},"modified":"2023-07-25T22:58:07","modified_gmt":"2023-07-25T22:58:07","slug":"dienstleistungspaket-fuer-feuerwehren","status":"publish","type":"page","link":"https:\/\/hochulisolution.ch\/index.php\/dienstleistungspaket-fuer-feuerwehren\/","title":{"rendered":"Feuerwehr Dienstleistungspakete"},"content":{"rendered":"\t\t<div data-elementor-type=\"wp-page\" data-elementor-id=\"247\" class=\"elementor elementor-247\" data-elementor-post-type=\"page\">\n\t\t\t\t\t\t<section class=\"elementor-section elementor-top-section elementor-element elementor-element-247a03b elementor-section-boxed elementor-section-height-default elementor-section-height-default\" data-id=\"247a03b\" data-element_type=\"section\" data-e-type=\"section\">\n\t\t\t\t\t\t<div class=\"elementor-container elementor-column-gap-default\">\n\t\t\t\t\t<div class=\"elementor-column elementor-col-100 elementor-top-column elementor-element elementor-element-189089b\" data-id=\"189089b\" data-element_type=\"column\" data-e-type=\"column\">\n\t\t\t<div class=\"elementor-widget-wrap elementor-element-populated\">\n\t\t\t\t\t\t<div class=\"elementor-element elementor-element-89745d6 elementor-widget elementor-widget-spacer\" data-id=\"89745d6\" data-element_type=\"widget\" data-e-type=\"widget\" data-widget_type=\"spacer.default\">\n\t\t\t\t<div class=\"elementor-widget-container\">\n\t\t\t\t\t\t\t<div class=\"elementor-spacer\">\n\t\t\t<div class=\"elementor-spacer-inner\"><\/div>\n\t\t<\/div>\n\t\t\t\t\t\t<\/div>\n\t\t\t\t<\/div>\n\t\t\t\t\t<\/div>\n\t\t<\/div>\n\t\t\t\t\t<\/div>\n\t\t<\/section>\n\t\t\t\t<section class=\"elementor-section elementor-top-section elementor-element elementor-element-3d93e19 elementor-section-boxed elementor-section-height-default elementor-section-height-default\" data-id=\"3d93e19\" data-element_type=\"section\" data-e-type=\"section\">\n\t\t\t\t\t\t<div class=\"elementor-container elementor-column-gap-default\">\n\t\t\t\t\t<div class=\"elementor-column elementor-col-100 elementor-top-column elementor-element elementor-element-12412ce\" data-id=\"12412ce\" data-element_type=\"column\" data-e-type=\"column\">\n\t\t\t<div class=\"elementor-widget-wrap elementor-element-populated\">\n\t\t\t\t\t\t<div class=\"elementor-element elementor-element-16c66e20 elementor-widget elementor-widget-text-editor\" data-id=\"16c66e20\" data-element_type=\"widget\" data-e-type=\"widget\" data-widget_type=\"text-editor.default\">\n\t\t\t\t<div class=\"elementor-widget-container\">\n\t\t\t\t\t\t\t\t\t\n<p>Eine Feuerwehr braucht in der heutigen Zeit einiges an IT Equipment, welches oft nur rumsteht. Dies muss aber trotzdem beschafft, gewartet und unterhalten werden. Die Verwaltung f\u00fcr Updates, Reparaturen etc. frisst neben Unmengen an Nerven auch Geld und Stunden der Feuerwehrleute. Wir kennen die Anforderungen von Feuerwehren nur zu gut &#8211; nicht zuletzt, weil in der Hochuli Solution GmbH viel Feuerwehrerfahrung vorhanden ist. Neben der T\u00e4tigkeit als Feuerwehroffizier unsers Gesch\u00e4ftsf\u00fchrers sind auch alle Mitarbeitenden (inklusive Stundenlohn), die sich mit Feuerwehrdienstleistungen befassen, zumindest Angeh\u00f6rige einer Feuerwehr.<\/p>\n\n\n\n<p>Mit unseren Dienstleistungspaketen, die auf Feuerwehren massgeschneidert sind, k\u00f6nnen wir einer Feuerwehr massgeblich Arbeitsstunden im technischen Bereich abnehmen und so effizient Kosten senken. Folgende Dienstleistungen sind komplett oder einzeln bei uns erh\u00e4ltlich:<\/p>\n\n\n\n<ul class=\"wp-block-list\">\n<li>Swissphone Pager: Verkauf, Programmierung, Reparatur, Verwaltung (inkl. Pager Listen, Auswertungen usw.)<\/li>\n\n\n\n<li>Motorola Funkger\u00e4te: Verkauf, Einbau, Programmierung, Reparatur, Konzessionskoordination, Akku-Management<\/li>\n\n\n\n<li>Motorola Funksysteme: Digitales Funknetz, Funkgespr\u00e4che \u00fcber Mobiltelefone, Positionsdarstellung der Fahrzeuge\/Handfunkger\u00e4te<\/li>\n\n\n\n<li>Website: Moderne Webseite mit intern Bereich &#8211;&gt; gestaltet nach Ihren Bed\u00fcrfnissen<\/li>\n\n\n\n<li>Dateiablage: Bedarfsgerechte Dateiablage mit rollenbasiertem Benutzermanagement<\/li>\n\n\n\n<li>IT im Magazin und den Fahrzeugen: Vom Telefon, \u00fcbers Internet hin zum PC, Laptop oder Tablet<\/li>\n\n\n\n<li>Software\/Tools f\u00fcr Jahresplanung, Appell, Kalender, SMS-Erinnerungen<\/li>\n<\/ul>\n\t\t\t\t\t\t\t\t<\/div>\n\t\t\t\t<\/div>\n\t\t\t\t\t<\/div>\n\t\t<\/div>\n\t\t\t\t\t<\/div>\n\t\t<\/section>\n\t\t\t\t<section class=\"elementor-section elementor-top-section elementor-element elementor-element-0b5a7dd elementor-section-boxed elementor-section-height-default elementor-section-height-default\" data-id=\"0b5a7dd\" data-element_type=\"section\" data-e-type=\"section\">\n\t\t\t\t\t\t<div class=\"elementor-container elementor-column-gap-default\">\n\t\t\t\t\t<div class=\"elementor-column elementor-col-100 elementor-top-column elementor-element elementor-element-fcc602c\" data-id=\"fcc602c\" data-element_type=\"column\" data-e-type=\"column\">\n\t\t\t<div class=\"elementor-widget-wrap elementor-element-populated\">\n\t\t\t\t\t\t<div class=\"elementor-element elementor-element-a5eefd8 elementor-widget elementor-widget-theme-post-featured-image elementor-widget-image\" data-id=\"a5eefd8\" data-element_type=\"widget\" data-e-type=\"widget\" data-widget_type=\"theme-post-featured-image.default\">\n\t\t\t\t<div class=\"elementor-widget-container\">\n\t\t\t\t\t\t\t\t\t\t\t\t<figure class=\"wp-caption\">\n\t\t\t\t\t\t\t\t\t\t<img fetchpriority=\"high\" decoding=\"async\" width=\"768\" height=\"457\" src=\"https:\/\/hochulisolution.ch\/wp-content\/uploads\/2023\/07\/DSC_4257_bearb-768x457.jpg\" class=\"attachment-medium_large size-medium_large wp-image-537\" alt=\"\" srcset=\"https:\/\/hochulisolution.ch\/wp-content\/uploads\/2023\/07\/DSC_4257_bearb-768x457.jpg 768w, https:\/\/hochulisolution.ch\/wp-content\/uploads\/2023\/07\/DSC_4257_bearb-300x179.jpg 300w, https:\/\/hochulisolution.ch\/wp-content\/uploads\/2023\/07\/DSC_4257_bearb-1024x609.jpg 1024w, https:\/\/hochulisolution.ch\/wp-content\/uploads\/2023\/07\/DSC_4257_bearb-1536x914.jpg 1536w, https:\/\/hochulisolution.ch\/wp-content\/uploads\/2023\/07\/DSC_4257_bearb-2048x1219.jpg 2048w\" sizes=\"(max-width: 768px) 100vw, 768px\" \/>\t\t\t\t\t\t\t\t\t\t\t<figcaption class=\"widget-image-caption wp-caption-text\">Swissphone, Motorola, Zubeh\u00f6r - alles aus einer Hand<\/figcaption>\n\t\t\t\t\t\t\t\t\t\t<\/figure>\n\t\t\t\t\t\t\t\t\t<\/div>\n\t\t\t\t<\/div>\n\t\t\t\t\t<\/div>\n\t\t<\/div>\n\t\t\t\t\t<\/div>\n\t\t<\/section>\n\t\t\t\t<\/div>\n\t\t","protected":false},"excerpt":{"rendered":"<p>Eine Feuerwehr braucht in der heutigen Zeit einiges an IT Equipment, welches oft nur rumsteht. Dies muss aber trotzdem beschafft, gewartet und unterhalten werden. Die Verwaltung f\u00fcr Updates, Reparaturen etc. frisst neben Unmengen an Nerven auch Geld und Stunden der Feuerwehrleute. Wir kennen die Anforderungen von Feuerwehren nur zu gut &#8211; nicht zuletzt, weil in [&hellip;]<\/p>\n","protected":false},"author":1,"featured_media":537,"parent":0,"menu_order":0,"comment_status":"closed","ping_status":"closed","template":"","meta":{"footnotes":""},"class_list":["post-247","page","type-page","status-publish","has-post-thumbnail","hentry"],"yoast_head":"<!-- This site is optimized with the Yoast SEO Premium plugin v27.2 (Yoast SEO v27.4) - https:\/\/yoast.com\/product\/yoast-seo-premium-wordpress\/ -->\n<title>Feuerwehr Dienstleistungspakete - Hochuli Solution GmbH<\/title>\n<meta name=\"robots\" content=\"index, follow, max-snippet:-1, max-image-preview:large, max-video-preview:-1\" \/>\n<link rel=\"canonical\" href=\"https:\/\/hochulisolution.ch\/index.php\/dienstleistungspaket-fuer-feuerwehren\/\" \/>\n<meta property=\"og:locale\" content=\"de_DE\" \/>\n<meta property=\"og:type\" content=\"article\" \/>\n<meta property=\"og:title\" content=\"Feuerwehr Dienstleistungspakete\" \/>\n<meta property=\"og:description\" content=\"Eine Feuerwehr braucht in der heutigen Zeit einiges an IT Equipment, welches oft nur rumsteht. Dies muss aber trotzdem beschafft, gewartet und unterhalten werden. Die Verwaltung f\u00fcr Updates, Reparaturen etc. frisst neben Unmengen an Nerven auch Geld und Stunden der Feuerwehrleute. Wir kennen die Anforderungen von Feuerwehren nur zu gut &#8211; nicht zuletzt, weil in [&hellip;]\" \/>\n<meta property=\"og:url\" content=\"https:\/\/hochulisolution.ch\/index.php\/dienstleistungspaket-fuer-feuerwehren\/\" \/>\n<meta property=\"og:site_name\" content=\"Hochuli Solution GmbH\" \/>\n<meta property=\"article:modified_time\" content=\"2023-07-25T22:58:07+00:00\" \/>\n<meta property=\"og:image\" content=\"https:\/\/hochulisolution.ch\/wp-content\/uploads\/2023\/07\/DSC_4257_bearb-scaled.jpg\" \/>\n\t<meta property=\"og:image:width\" content=\"2560\" \/>\n\t<meta property=\"og:image:height\" content=\"1523\" \/>\n\t<meta property=\"og:image:type\" content=\"image\/jpeg\" \/>\n<meta name=\"twitter:card\" content=\"summary_large_image\" \/>\n<meta name=\"twitter:label1\" content=\"Gesch\u00e4tzte Lesezeit\" \/>\n\t<meta name=\"twitter:data1\" content=\"2\u00a0Minuten\" \/>\n<script type=\"application\/ld+json\" class=\"yoast-schema-graph\">{\"@context\":\"https:\\\/\\\/schema.org\",\"@graph\":[{\"@type\":\"WebPage\",\"@id\":\"https:\\\/\\\/hochulisolution.ch\\\/index.php\\\/dienstleistungspaket-fuer-feuerwehren\\\/\",\"url\":\"https:\\\/\\\/hochulisolution.ch\\\/index.php\\\/dienstleistungspaket-fuer-feuerwehren\\\/\",\"name\":\"Feuerwehr Dienstleistungspakete - Hochuli Solution GmbH\",\"isPartOf\":{\"@id\":\"https:\\\/\\\/hochulisolution.ch\\\/#website\"},\"primaryImageOfPage\":{\"@id\":\"https:\\\/\\\/hochulisolution.ch\\\/index.php\\\/dienstleistungspaket-fuer-feuerwehren\\\/#primaryimage\"},\"image\":{\"@id\":\"https:\\\/\\\/hochulisolution.ch\\\/index.php\\\/dienstleistungspaket-fuer-feuerwehren\\\/#primaryimage\"},\"thumbnailUrl\":\"https:\\\/\\\/hochulisolution.ch\\\/wp-content\\\/uploads\\\/2023\\\/07\\\/DSC_4257_bearb-scaled.jpg\",\"datePublished\":\"2023-01-31T13:19:54+00:00\",\"dateModified\":\"2023-07-25T22:58:07+00:00\",\"breadcrumb\":{\"@id\":\"https:\\\/\\\/hochulisolution.ch\\\/index.php\\\/dienstleistungspaket-fuer-feuerwehren\\\/#breadcrumb\"},\"inLanguage\":\"de\",\"potentialAction\":[{\"@type\":\"ReadAction\",\"target\":[\"https:\\\/\\\/hochulisolution.ch\\\/index.php\\\/dienstleistungspaket-fuer-feuerwehren\\\/\"]}]},{\"@type\":\"ImageObject\",\"inLanguage\":\"de\",\"@id\":\"https:\\\/\\\/hochulisolution.ch\\\/index.php\\\/dienstleistungspaket-fuer-feuerwehren\\\/#primaryimage\",\"url\":\"https:\\\/\\\/hochulisolution.ch\\\/wp-content\\\/uploads\\\/2023\\\/07\\\/DSC_4257_bearb-scaled.jpg\",\"contentUrl\":\"https:\\\/\\\/hochulisolution.ch\\\/wp-content\\\/uploads\\\/2023\\\/07\\\/DSC_4257_bearb-scaled.jpg\",\"width\":2049,\"height\":1219},{\"@type\":\"BreadcrumbList\",\"@id\":\"https:\\\/\\\/hochulisolution.ch\\\/index.php\\\/dienstleistungspaket-fuer-feuerwehren\\\/#breadcrumb\",\"itemListElement\":[{\"@type\":\"ListItem\",\"position\":1,\"name\":\"Startseite\",\"item\":\"https:\\\/\\\/hochulisolution.ch\\\/\"},{\"@type\":\"ListItem\",\"position\":2,\"name\":\"Feuerwehr Dienstleistungspakete\"}]},{\"@type\":\"WebSite\",\"@id\":\"https:\\\/\\\/hochulisolution.ch\\\/#website\",\"url\":\"https:\\\/\\\/hochulisolution.ch\\\/\",\"name\":\"Hochuli Solution GmbH\",\"description\":\"\u00a9 by hochulisolution.ch\",\"publisher\":{\"@id\":\"https:\\\/\\\/hochulisolution.ch\\\/#organization\"},\"potentialAction\":[{\"@type\":\"SearchAction\",\"target\":{\"@type\":\"EntryPoint\",\"urlTemplate\":\"https:\\\/\\\/hochulisolution.ch\\\/?s={search_term_string}\"},\"query-input\":{\"@type\":\"PropertyValueSpecification\",\"valueRequired\":true,\"valueName\":\"search_term_string\"}}],\"inLanguage\":\"de\"},{\"@type\":\"Organization\",\"@id\":\"https:\\\/\\\/hochulisolution.ch\\\/#organization\",\"name\":\"Hochuli Solution GmbH\",\"url\":\"https:\\\/\\\/hochulisolution.ch\\\/\",\"logo\":{\"@type\":\"ImageObject\",\"inLanguage\":\"de\",\"@id\":\"https:\\\/\\\/hochulisolution.ch\\\/#\\\/schema\\\/logo\\\/image\\\/\",\"url\":\"https:\\\/\\\/hochulisolution.ch\\\/wp-content\\\/uploads\\\/2021\\\/10\\\/cropped-LOGO-mit-Schrift.png\",\"contentUrl\":\"https:\\\/\\\/hochulisolution.ch\\\/wp-content\\\/uploads\\\/2021\\\/10\\\/cropped-LOGO-mit-Schrift.png\",\"width\":1124,\"height\":593,\"caption\":\"Hochuli Solution GmbH\"},\"image\":{\"@id\":\"https:\\\/\\\/hochulisolution.ch\\\/#\\\/schema\\\/logo\\\/image\\\/\"}}]}<\/script>\n<!-- \/ Yoast SEO Premium plugin. -->","yoast_head_json":{"title":"Feuerwehr Dienstleistungspakete - Hochuli Solution GmbH","robots":{"index":"index","follow":"follow","max-snippet":"max-snippet:-1","max-image-preview":"max-image-preview:large","max-video-preview":"max-video-preview:-1"},"canonical":"https:\/\/hochulisolution.ch\/index.php\/dienstleistungspaket-fuer-feuerwehren\/","og_locale":"de_DE","og_type":"article","og_title":"Feuerwehr Dienstleistungspakete","og_description":"Eine Feuerwehr braucht in der heutigen Zeit einiges an IT Equipment, welches oft nur rumsteht. Dies muss aber trotzdem beschafft, gewartet und unterhalten werden. Die Verwaltung f\u00fcr Updates, Reparaturen etc. frisst neben Unmengen an Nerven auch Geld und Stunden der Feuerwehrleute. Wir kennen die Anforderungen von Feuerwehren nur zu gut &#8211; nicht zuletzt, weil in [&hellip;]","og_url":"https:\/\/hochulisolution.ch\/index.php\/dienstleistungspaket-fuer-feuerwehren\/","og_site_name":"Hochuli Solution GmbH","article_modified_time":"2023-07-25T22:58:07+00:00","og_image":[{"width":2560,"height":1523,"url":"https:\/\/hochulisolution.ch\/wp-content\/uploads\/2023\/07\/DSC_4257_bearb-scaled.jpg","type":"image\/jpeg"}],"twitter_card":"summary_large_image","twitter_misc":{"Gesch\u00e4tzte Lesezeit":"2\u00a0Minuten"},"schema":{"@context":"https:\/\/schema.org","@graph":[{"@type":"WebPage","@id":"https:\/\/hochulisolution.ch\/index.php\/dienstleistungspaket-fuer-feuerwehren\/","url":"https:\/\/hochulisolution.ch\/index.php\/dienstleistungspaket-fuer-feuerwehren\/","name":"Feuerwehr Dienstleistungspakete - Hochuli Solution GmbH","isPartOf":{"@id":"https:\/\/hochulisolution.ch\/#website"},"primaryImageOfPage":{"@id":"https:\/\/hochulisolution.ch\/index.php\/dienstleistungspaket-fuer-feuerwehren\/#primaryimage"},"image":{"@id":"https:\/\/hochulisolution.ch\/index.php\/dienstleistungspaket-fuer-feuerwehren\/#primaryimage"},"thumbnailUrl":"https:\/\/hochulisolution.ch\/wp-content\/uploads\/2023\/07\/DSC_4257_bearb-scaled.jpg","datePublished":"2023-01-31T13:19:54+00:00","dateModified":"2023-07-25T22:58:07+00:00","breadcrumb":{"@id":"https:\/\/hochulisolution.ch\/index.php\/dienstleistungspaket-fuer-feuerwehren\/#breadcrumb"},"inLanguage":"de","potentialAction":[{"@type":"ReadAction","target":["https:\/\/hochulisolution.ch\/index.php\/dienstleistungspaket-fuer-feuerwehren\/"]}]},{"@type":"ImageObject","inLanguage":"de","@id":"https:\/\/hochulisolution.ch\/index.php\/dienstleistungspaket-fuer-feuerwehren\/#primaryimage","url":"https:\/\/hochulisolution.ch\/wp-content\/uploads\/2023\/07\/DSC_4257_bearb-scaled.jpg","contentUrl":"https:\/\/hochulisolution.ch\/wp-content\/uploads\/2023\/07\/DSC_4257_bearb-scaled.jpg","width":2049,"height":1219},{"@type":"BreadcrumbList","@id":"https:\/\/hochulisolution.ch\/index.php\/dienstleistungspaket-fuer-feuerwehren\/#breadcrumb","itemListElement":[{"@type":"ListItem","position":1,"name":"Startseite","item":"https:\/\/hochulisolution.ch\/"},{"@type":"ListItem","position":2,"name":"Feuerwehr Dienstleistungspakete"}]},{"@type":"WebSite","@id":"https:\/\/hochulisolution.ch\/#website","url":"https:\/\/hochulisolution.ch\/","name":"Hochuli Solution GmbH","description":"\u00a9 by hochulisolution.ch","publisher":{"@id":"https:\/\/hochulisolution.ch\/#organization"},"potentialAction":[{"@type":"SearchAction","target":{"@type":"EntryPoint","urlTemplate":"https:\/\/hochulisolution.ch\/?s={search_term_string}"},"query-input":{"@type":"PropertyValueSpecification","valueRequired":true,"valueName":"search_term_string"}}],"inLanguage":"de"},{"@type":"Organization","@id":"https:\/\/hochulisolution.ch\/#organization","name":"Hochuli Solution GmbH","url":"https:\/\/hochulisolution.ch\/","logo":{"@type":"ImageObject","inLanguage":"de","@id":"https:\/\/hochulisolution.ch\/#\/schema\/logo\/image\/","url":"https:\/\/hochulisolution.ch\/wp-content\/uploads\/2021\/10\/cropped-LOGO-mit-Schrift.png","contentUrl":"https:\/\/hochulisolution.ch\/wp-content\/uploads\/2021\/10\/cropped-LOGO-mit-Schrift.png","width":1124,"height":593,"caption":"Hochuli Solution GmbH"},"image":{"@id":"https:\/\/hochulisolution.ch\/#\/schema\/logo\/image\/"}}]}},"jetpack_sharing_enabled":true,"_links":{"self":[{"href":"https:\/\/hochulisolution.ch\/index.php\/wp-json\/wp\/v2\/pages\/247","targetHints":{"allow":["GET"]}}],"collection":[{"href":"https:\/\/hochulisolution.ch\/index.php\/wp-json\/wp\/v2\/pages"}],"about":[{"href":"https:\/\/hochulisolution.ch\/index.php\/wp-json\/wp\/v2\/types\/page"}],"author":[{"embeddable":true,"href":"https:\/\/hochulisolution.ch\/index.php\/wp-json\/wp\/v2\/users\/1"}],"replies":[{"embeddable":true,"href":"https:\/\/hochulisolution.ch\/index.php\/wp-json\/wp\/v2\/comments?post=247"}],"version-history":[{"count":32,"href":"https:\/\/hochulisolution.ch\/index.php\/wp-json\/wp\/v2\/pages\/247\/revisions"}],"predecessor-version":[{"id":546,"href":"https:\/\/hochulisolution.ch\/index.php\/wp-json\/wp\/v2\/pages\/247\/revisions\/546"}],"wp:featuredmedia":[{"embeddable":true,"href":"https:\/\/hochulisolution.ch\/index.php\/wp-json\/wp\/v2\/media\/537"}],"wp:attachment":[{"href":"https:\/\/hochulisolution.ch\/index.php\/wp-json\/wp\/v2\/media?parent=247"}],"curies":[{"name":"wp","href":"https:\/\/api.w.org\/{rel}","templated":true}]}}